+ 271 = t*p. Calculate the highest common factor of p and 14.
14
Suppose -2*n - 2*n + 260 = 4*m, n - 62 = -2*m. Suppose 5*v - 198 = -n. Calculate the greatest common factor of 13 and v.
13
Suppose -2*r - 1 = 3*j, 7 = -2*j + 4*r + 1. Let x be j + 0/2 + 11. What is the highest common factor of 10 and x?
10
Let g be (-517)/(-55) + (-2)/5. Calculate the greatest common divisor of g and 4.
1
Let r = -841 - -868. What is the greatest common divisor of r and 1?
1
Let a(s) = -14*s - 96. Let o(f) = -9*f - 64. Let c(z) = 5*a(z) - 8*o(z). Let k be c(11). What is the highest common factor of k and 9?
9
Suppose m - 4 = -0*m. Suppose 2*j - 14 = -3*q + m*j, 10 = 2*j. Let b = -194 - -282. Calculate the greatest common divisor of q and b.
8
Suppose -7*i + 25*i = 288. Let g be 66*(-3)/(-6) + -1. What is the greatest common divisor of i and g?
16
Suppose -2*j - 315 = 5*m, 2*m = 7*m - 2*j + 335. Let z = 68 + m. What is the greatest common divisor of z and 48?
3
Let l = -24 + 23. Let z be 52/65*(l - -26). Calculate the highest common divisor of z and 60.
20
Let g be 7/5 + -1 - 152/5. Let y = 54 + g. What is the highest common factor of 36 and y?
12
Suppose -127*i + 26*i + 72922 = 0. What is the highest common factor of i and 76?
38
Suppose -5*g - t = -145, -5*t + 33 + 48 = 2*g. What is the highest common divisor of g and 574?
14
Let g(w) = 4*w**2 + 5*w. Let t be g(4). Let s be (200/80)/((-5)/(-24)). What is the greatest common factor of t and s?
12
Suppose -581 + 2309 = 24*u. What is the greatest common divisor of u and 312?
24
Let r = 502 - 304. What is the greatest common divisor of r and 44?
22
Suppose -2*j + a - 13 - 7 = 0, 4 = 2*a. Let b(p) = -29*p + 3. Let d be b(-2). Let n = d - j. What is the greatest common divisor of 28 and n?
14
Let y be (0 - 2)*(25 + -31). What is the greatest common factor of y and 39?
3
Let q(s) = 22*s - 108. Let r be q(6). What is the highest common factor of r and 40?
8
Let b(z) = z**2 + 19*z + 32. Let t be b(-17). Let q be t/(-14) - (-388)/28. Calculate the highest common divisor of 14 and q.
14
Let n be (0/1 + 23)*-1. Let u = 41 + n. Suppose 142*d + 2304 = 158*d. What is the greatest common factor of d and u?
18
Suppose -186*j + 189*j - 5*g = 13, 0 = -5*j + 2*g + 47. Let t(n) = -50*n - 1. Let h be t(-2). Calculate the greatest common divisor of h and j.
11
Let m = 998 - 170. Calculate the highest common divisor of m and 92.
92
Let h be (2 + (-8)/(-6))*192/20. Let j(x) = -3*x + 4. Let n be j(-4). What is the highest common divisor of h and n?
16
Let x be (-10)/(-20) - 4/((-8)/7). Let v be -1 - (-7 + 0 + 1). Let j be (-4)/10 - (-82)/v. Calculate the greatest common divisor of j and x.
4
Let w(j) = -j**2 + 18*j + 9. Let p be w(21). Let f = 61 + p. Let i = 66 + 11. Calculate the greatest common factor of i and f.
7
Let h = 473 - 471. Calculate the highest common divisor of h and 82.
2
Suppose -4*t = -3*v + 316, 58*v - 63*v = t - 565. Let f be 1/((-15)/16 - -1). What is the highest common factor of v and f?
16
Let c be 1 + -5 - (-4 + 1 + -5). What is the highest common divisor of c and 44?
4
Let w(c) = -3*c + 11. Let o be w(-17). What is the highest common factor of o and 1054?
62
Suppose 0 = -4*k + 4*i + 296, 0 = -5*k - 2*i + 167 + 210. Suppose -5*s = -k - 35. Calculate the greatest common factor of s and 11.
11
Suppose 62*h - 1046 - 1558 = 0. Calculate the greatest common divisor of 2289 and h.
21
Suppose 3*h - 949 = -4*k - 3648, 0 = k + h + 674. Let z = k + 1252. Let b = z - 300. What is the greatest common factor of 25 and b?
25
Suppose 2*n + n - 15 = 0. Suppose 4*v - j = 55, 0 = v - n*j - 12 + 3. Suppose -p + 11 + v = 0. What is the greatest common divisor of p and 10?
5
Let p be ((-92)/(-8)*-22)/(-1). What is the highest common divisor of p and 92?
23
Suppose -l + 3 = -45. What is the highest common divisor of l and 192?
48
Let o(r) = -28*r**3 - 11*r**2 - 5*r + 12. Let v be o(-4). What is the highest common factor of v and 32?
16
Let y be -3 - (1/(-1))/(5/265). What is the highest common divisor of 175 and y?
25
Let o = 16 - 29. Let d be -5 - ((5 - 1) + 0). Let b = d - o. What is the highest common divisor of b and 10?
2
Let d(g) = 3*g**3 - 22*g**2 + 12*g - 34. Let t be d(7). Calculate the highest common divisor of t and 313.
1
Let d(x) = x**3 + 20*x**2 - 43*x + 43. Let t be d(-22). What is the greatest common divisor of t and 147?
21
Let c = 83 + -44. Suppose -11 = 4*o - c. Calculate the greatest common factor of o and 56.
7
Suppose 0*v = 4*v - 116. Suppose 8*b - 495 = 1129. What is the highest common divisor of b and v?
29
Let y = 2577 + -2552. What is the greatest common factor of 5 and y?
5
Let q(d) = -12*d + 125. Let n be q(10). What is the highest common factor of 25 and n?
5
Let s(i) = 5*i**2 - 5*i - 4. Let u be s(-1). Let g be (-5)/15 + 92/u. Calculate the greatest common divisor of 20 and g.
5
Let b = -35 + 25. Let w(l) = 2*l + 25. Let d(f) = f + 13. Let u(x) = 5*d(x) - 2*w(x). Let c be u(b). What is the greatest common divisor of 1 and c?
1
Let x(n) = -6*n**2 + 16*n + 7. Let b(k) = k**2. Let h(q) = 5*b(q) + x(q). Let i be h(13). Calculate the greatest common factor of 115 and i.
23
Suppose -13 - 7 = 4*t. Let r be -3*(-2 + t/(-15)). Calculate the greatest common factor of r and 35.
5
Suppose -5*y + 426 = 146. Let f be (8 - -6)/(-2 - (-6 - -3)). Calculate the highest common divisor of y and f.
14
Let q be (-12)/((-36)/(-133))*(-4 + 1). Calculate the highest common factor of q and 95.
19
Let l = -2111 + 2125. Suppose 2 = -4*u + 30. What is the highest common divisor of l and u?
7
Suppose 575*c = 566*c + 54. Suppose 3*i + 1 = -2*q + 3, 3*q = 3*i - 12. What is the highest common factor of c and i?
2
Let p be (-6 - (-27)/6)*-2. What is the greatest common factor of 27 and p?
3
Let p(q) = 50*q + 798. Let h be p(0). Calculate the greatest common factor of 84 and h.
42
Suppose 0 = -2*n + 6*n + 4*k - 548, -3*n - 2*k = -412. Suppose 5*o - 4*t - n = 0, o + 5 = -2*t + 27. Calculate the greatest common divisor of o and 234.
26
Let l(c) = -19*c - 197. Let q be l(-11). What is the highest common factor of q and 6?
6
Let u = -30 + 37. Suppose c - 198 = -4*h, 4*h - c - 190 = 2*c. Calculate the greatest common divisor of u and h.
7
Let u = 64 - 56. Suppose -144 - 96 = -2*c. What is the highest common factor of u and c?
8
Suppose -179*u = -184*u + 600. What is the highest common factor of 96 and u?
24
Let b be (-4 + 425/10)*8/14. What is the highest common divisor of 198 and b?
22
Let f = 3 + 14. Let l(z) = 3*z**2 - 5. Let w be l(-3). Suppose 0 = -3*a + 73 - w. Calculate the highest common divisor of f and a.
17
Let v = -1 - -1. Let p(a) = 7*a + 83. Let k(j) = -4*j - 41. Let c(s) = 5*k(s) + 3*p(s). Let z be c(v). What is the highest common divisor of z and 4?
4
Let j = -18 - -11. Let z = j + 19. Let d(f) = -33*f. Let l be d(-4). Calculate the greatest common factor of l and z.
12
Let j(o) = 3*o**2 + 3*o + 1. Let t be j(-4). Calculate the highest common divisor of t and 481.
37
Let y be (-3 - -11)*18/8. Let k be ((-4)/6)/((-4)/y). Calculate the greatest common divisor of 2 and k.
1
Let z(q) = 9*q**2 - 2*q + 7. Let n be z(-5). Suppose -2*l = -5*j - 0*l + 116, -3*j + 2*l + 72 = 0. What is the greatest common factor of j and n?
22
Suppose -7400 = -22*j + 18*j. Calculate the greatest common factor of 50 and j.
50
Let f(a) = a**2 - 5*a - 2. Let r be f(10). Suppose -24*c - 5*i = -23*c - 23, 2*i - 92 = -5*c. What is the highest common factor of c and r?
6
Let l = 31 + -29. Suppose 56 = l*n - 2*s, 50 = 2*n - 3*s + 4*s. What is the highest common divisor of 52 and n?
26
Let u(b) = 7*b**2 + 12*b - 14. Let p be u(5). Calculate the highest common factor of p and 13.
13
Suppose 3*h - 24 = -0*h. Let w be (9/6)/(3/h). Suppose w*p + 5 = 29. Calculate the greatest common factor of p and 48.
6
Suppose 5*m + 46 = 406. Suppose 3*u - z - 70 = 18, 3*u = -3*z + m. Let j = -4144 - -4214. Calculate the greatest common divisor of j and u.
14
Let m = 3 + 7. Let z be m/85 + 132/34. Suppose -2*n + 48 = z*n. What is the highest common factor of n and 8?
8
Suppose 95 = j + a - 2*a, -5*a = -a. Let c be 2/(-3) + (-51)/(-9). What is the greatest common divisor of c and j?
5
Suppose 4 = 4*h - 2*q, -5*q = -4*h - q. Let l be 56/48 + h/(-12). Let r(c) = 2*c**2 + 2*c + 3. 